{"id":41549,"date":"2024-03-31T17:29:25","date_gmt":"2024-03-31T15:29:25","guid":{"rendered":"http:\/\/www.piaabildgaard.com\/?page_id=41549"},"modified":"2024-05-25T20:12:52","modified_gmt":"2024-05-25T18:12:52","slug":"portrait","status":"publish","type":"page","link":"https:\/\/www.piaabildgaard.com\/index.php\/portrait\/","title":{"rendered":"Portrait"},"content":{"rendered":"\n<style type=\"text\/css\" data-created_by=\"avia_inline_auto\" id=\"style-css-av-lvv0ayok-8a811291f187fdff8d218256cf43cb11\">\n#top .av-special-heading.av-lvv0ayok-8a811291f187fdff8d218256cf43cb11{\npadding-bottom:10px;\n}\nbody .av-special-heading.av-lvv0ayok-8a811291f187fdff8d218256cf43cb11 .av-special-heading-tag .heading-char{\nfont-size:25px;\n}\n.av-special-heading.av-lvv0ayok-8a811291f187fdff8d218256cf43cb11 .av-subheading{\nfont-size:15px;\n}\n<\/style>\n<div  class='av-special-heading av-lvv0ayok-8a811291f187fdff8d218256cf43cb11 av-special-heading-h2 blockquote modern-quote modern-centered  avia-builder-el-0  el_before_av_hr  avia-builder-el-first '><h2 class='av-special-heading-tag'  itemprop=\"headline\"  >Mon Parcours<\/h2><div class=\"special-heading-border\"><div class=\"special-heading-inner-border\"><\/div><\/div><\/div>\n\n<style type=\"text\/css\" data-created_by=\"avia_inline_auto\" id=\"style-css-av-lvv0fw99-7fc91ee2041ae3af2f94964556389b83\">\n#top .hr.av-lvv0fw99-7fc91ee2041ae3af2f94964556389b83{\nmargin-top:0;\nmargin-bottom:15px;\n}\n.hr.av-lvv0fw99-7fc91ee2041ae3af2f94964556389b83 .hr-inner{\nwidth:50px;\nborder-color:#3a4856;\nmax-width:45%;\n}\n.hr.av-lvv0fw99-7fc91ee2041ae3af2f94964556389b83 .av-seperator-icon{\ncolor:#6388a8;\n}\n<\/style>\n<div  class='hr av-lvv0fw99-7fc91ee2041ae3af2f94964556389b83 hr-custom  avia-builder-el-1  el_after_av_heading  el_before_av_one_third  hr-center hr-icon-yes'><span class='hr-inner inner-border-av-border-thin'><span class=\"hr-inner-style\"><\/span><\/span><span class='av-seperator-icon' aria-hidden='true' data-av_icon='\ue8c9' data-av_iconfont='entypo-fontello'><\/span><span class='hr-inner inner-border-av-border-thin'><span class=\"hr-inner-style\"><\/span><\/span><\/div>\n\n<style type=\"text\/css\" data-created_by=\"avia_inline_auto\" id=\"style-css-av-lvv0p7j3-d9c42385ec259190c6e359a79d03a55b\">\n#top .flex_column.av-lvv0p7j3-d9c42385ec259190c6e359a79d03a55b{\nmargin-top:0px;\nmargin-bottom:0px;\n}\n.responsive #top #wrap_all .flex_column.av-lvv0p7j3-d9c42385ec259190c6e359a79d03a55b{\nmargin-top:0px;\nmargin-bottom:0px;\n}\n<\/style>\n<div  class='flex_column av-lvv0p7j3-d9c42385ec259190c6e359a79d03a55b av_one_third  avia-builder-el-2  el_after_av_hr  el_before_av_one_third  first flex_column_div  '     ><p>\n<style type=\"text\/css\" data-created_by=\"avia_inline_auto\" id=\"style-css-av-lvv0hx6p-706f9df3511085b1b2a73abe58bf1e5d\">\n#top .av-special-heading.av-lvv0hx6p-706f9df3511085b1b2a73abe58bf1e5d{\npadding-bottom:10px;\n}\nbody .av-special-heading.av-lvv0hx6p-706f9df3511085b1b2a73abe58bf1e5d .av-special-heading-tag .heading-char{\nfont-size:25px;\n}\n.av-special-heading.av-lvv0hx6p-706f9df3511085b1b2a73abe58bf1e5d .av-subheading{\nfont-size:15px;\n}\n<\/style>\n<div  class='av-special-heading av-lvv0hx6p-706f9df3511085b1b2a73abe58bf1e5d av-special-heading-h3 blockquote modern-quote modern-centered  avia-builder-el-3  el_before_av_textblock  avia-builder-el-first '><h3 class='av-special-heading-tag'  itemprop=\"headline\"  >&#8211; Savoir Oser &#8211;<\/h3><div class=\"special-heading-border\"><div class=\"special-heading-inner-border\"><\/div><\/div><\/div><br \/>\n<section  class='av_textblock_section av-lvv0jlwk-af832b0c8b354b2f4b317763faba05bd '   itemscope=\"itemscope\" itemtype=\"https:\/\/schema.org\/CreativeWork\" ><div class='avia_textblock'  itemprop=\"text\" ><p class=\"western\" align=\"justify\"><span style=\"color: #4e4e4e;\"><span style=\"font-family: Arial, serif;\"><span style=\"font-size: medium;\"><img loading=\"lazy\" decoding=\"async\" class=\"alignleft size-full wp-image-42062\" src=\"http:\/\/www.piaabildgaard.com\/wp-content\/uploads\/2024\/05\/photo-Pia-Abilgaard.jpeg\" alt=\"\" width=\"149\" height=\"265\" \/>Je travaille comme formatrice et coach interculturelle, avec une sp\u00e9cialit\u00e9 sur la Scandinavie<\/span><\/span><\/span><\/p>\n<p class=\"western\" align=\"justify\"><span style=\"color: #4e4e4e;\"><span style=\"font-family: Arial, serif;\"><span style=\"font-size: medium;\">A 45 ans, j\u2019ai suivi un cycle d\u2019entrainement aux Responsabilit\u00e9s Manag\u00e9riales \u00e0 HEC \u00e0 Jouy en Josas. Puis j\u2019ai os\u00e9 me lancer dans le monde de l\u2019entrepreneuriat en cr\u00e9ant en 2008 ma propre soci\u00e9t\u00e9 de formation et coaching interculturelle &#8220;ABILDGAARD&#8221;, en addition au dipl\u00f4me universitaire obtenu en France en Langues \u00c9trang\u00e8res Appliqu\u00e9es avec 5 langues ma\u00eetris\u00e9es.<\/span><\/span><\/span><\/p>\n<p class=\"western\" align=\"justify\"><span style=\"color: #4e4e4e;\"><span style=\"font-family: Arial, serif;\"><span style=\"font-size: medium;\">Auparavant j\u2019ai dirig\u00e9 un service de formation interculturelle \u00e0 Paris, occup\u00e9e des postes de Directrice et Responsable de la Communication et du Marketing International et poss\u00e8de une exp\u00e9rience de 30 ans d\u2019accompagnement d\u2019entreprises pour signer de nouveaux march\u00e9s \u00e0 l\u2019international.<\/span><\/span><\/span><\/p>\n<\/div><\/section><br \/>\n\n<style type=\"text\/css\" data-created_by=\"avia_inline_auto\" id=\"style-css-av-lvv0nzjk-346d64bba760a49d038270c2d9b48154\">\n#top .av-special-heading.av-lvv0nzjk-346d64bba760a49d038270c2d9b48154{\nmargin:20px 0 0 0;\npadding-bottom:10px;\n}\nbody .av-special-heading.av-lvv0nzjk-346d64bba760a49d038270c2d9b48154 .av-special-heading-tag .heading-char{\nfont-size:25px;\n}\n.av-special-heading.av-lvv0nzjk-346d64bba760a49d038270c2d9b48154 .av-subheading{\nfont-size:15px;\n}\n<\/style>\n<div  class='av-special-heading av-lvv0nzjk-346d64bba760a49d038270c2d9b48154 av-special-heading-h3 blockquote modern-quote modern-centered  avia-builder-el-5  el_after_av_textblock  el_before_av_textblock '><h3 class='av-special-heading-tag'  itemprop=\"headline\"  >&#8211; R\u00e9solument Positive &#8211;<\/h3><div class=\"special-heading-border\"><div class=\"special-heading-inner-border\"><\/div><\/div><\/div><br \/>\n<section  class='av_textblock_section av-lvv0o9k8-371dfee56caa8a941e463b1cdd9a1da2 '   itemscope=\"itemscope\" itemtype=\"https:\/\/schema.org\/CreativeWork\" ><div class='avia_textblock'  itemprop=\"text\" ><p class=\"western\" align=\"justify\"><span style=\"color: #4e4e4e;\"><span style=\"font-family: Arial, serif;\"><span style=\"font-size: medium;\">Mon expertise en management interculturel et dans l\u2019accompagnement du dirigeant, ainsi que ma vision r\u00e9solument positive, aident les grandes entreprises \u00e0 mieux collaborer et \u00e0 abolir les fronti\u00e8res. Car je partage \u00e0 pr\u00e9sent comme interculturaliste mon expertise aupr\u00e8s des entreprises scandinaves et fran\u00e7aises.<\/span><\/span><\/span><\/p>\n<p class=\"western\" align=\"justify\"><span style=\"color: #4e4e4e;\"><span style=\"font-family: Arial, serif;\"><span style=\"font-size: medium;\">Je pense que ma positive attitude me sert lors de mes interventions o\u00f9 je partage ma vision du bonheur en entreprise,\u00a0et pourquoi pas\u00a0! \u00a0Je montre ainsi le cheminement vers le possible, et la collaboration internationale positive.<\/span><\/span><\/span><\/p>\n<\/div><\/section><\/p><\/div>\n\n<style type=\"text\/css\" data-created_by=\"avia_inline_auto\" id=\"style-css-av-21j6dxp-0e3897912e1829eacb53b742e0ef4a12\">\n#top .flex_column.av-21j6dxp-0e3897912e1829eacb53b742e0ef4a12{\nmargin-top:0px;\nmargin-bottom:0px;\n}\n.responsive #top #wrap_all .flex_column.av-21j6dxp-0e3897912e1829eacb53b742e0ef4a12{\nmargin-top:0px;\nmargin-bottom:0px;\n}\n<\/style>\n<div  class='flex_column av-21j6dxp-0e3897912e1829eacb53b742e0ef4a12 av_one_third  avia-builder-el-7  el_after_av_one_third  el_before_av_one_third  flex_column_div  '     ><p>\n<style type=\"text\/css\" data-created_by=\"avia_inline_auto\" id=\"style-css-av-lvv0omdw-9527c2892ac1bb10336e7b3529fc4183\">\n#top .av-special-heading.av-lvv0omdw-9527c2892ac1bb10336e7b3529fc4183{\npadding-bottom:10px;\n}\nbody .av-special-heading.av-lvv0omdw-9527c2892ac1bb10336e7b3529fc4183 .av-special-heading-tag .heading-char{\nfont-size:25px;\n}\n.av-special-heading.av-lvv0omdw-9527c2892ac1bb10336e7b3529fc4183 .av-subheading{\nfont-size:15px;\n}\n<\/style>\n<div  class='av-special-heading av-lvv0omdw-9527c2892ac1bb10336e7b3529fc4183 av-special-heading-h3 blockquote modern-quote modern-centered  avia-builder-el-8  el_before_av_textblock  avia-builder-el-first '><h3 class='av-special-heading-tag'  itemprop=\"headline\"  >&#8211; Danoise D\u2019Origine &#8211;<\/h3><div class=\"special-heading-border\"><div class=\"special-heading-inner-border\"><\/div><\/div><\/div><br \/>\n<section  class='av_textblock_section av-lvv0oxly-837339094c9eb9155cd54bc9db3f067f '   itemscope=\"itemscope\" itemtype=\"https:\/\/schema.org\/CreativeWork\" ><div class='avia_textblock'  itemprop=\"text\" ><p class=\"western\" align=\"justify\"><span style=\"color: #4e4e4e;\"><span style=\"font-family: Arial, serif;\"><span style=\"font-size: medium;\">Je travaille et vis en France depuis 41 ans. Apr\u00e8s avoir travaill\u00e9 comme directrice marketing international pendant 18 ans, je me suis immerg\u00e9e dans la diversit\u00e9 culturelle puis ai d\u00e9cid\u00e9 d\u2019en \u00eatre la porte-parole aupr\u00e8s des entreprises que je c\u00f4toie. <\/span><\/span><\/span><\/p>\n<p class=\"western\" align=\"justify\"><span style=\"color: #4e4e4e;\"><span style=\"font-family: Arial, serif;\"><span style=\"font-size: medium;\">Mes clients sont principalement les entreprises Scandinaves et Fran\u00e7aises et les grands organismes de formation interculturelle \u00e0 Paris, Londres et en Scandinavie. <\/span><\/span><\/span><\/p>\n<p class=\"western\" align=\"justify\"><span style=\"color: #4e4e4e;\"><span style=\"font-family: Arial, serif;\"><span style=\"font-size: medium;\">Enrichie d\u2019un long parcours professionnel international et des multiples rencontres des personnes sur ma route, je partage ces connaissances en tant que sp\u00e9cialiste interculturelle des relations Franco-Scandinave \u2013 Danemark, Su\u00e8de, Norv\u00e8ge.<\/span><\/span><\/span><\/p>\n<\/div><\/section><br \/>\n\n<style type=\"text\/css\" data-created_by=\"avia_inline_auto\" id=\"style-css-av-lvv0rg29-7ebcebb72f0a2835dab25547d14c56fe\">\n#top .av-special-heading.av-lvv0rg29-7ebcebb72f0a2835dab25547d14c56fe{\nmargin:20px 0 0 0;\npadding-bottom:10px;\n}\nbody .av-special-heading.av-lvv0rg29-7ebcebb72f0a2835dab25547d14c56fe .av-special-heading-tag .heading-char{\nfont-size:25px;\n}\n.av-special-heading.av-lvv0rg29-7ebcebb72f0a2835dab25547d14c56fe .av-subheading{\nfont-size:15px;\n}\n<\/style>\n<div  class='av-special-heading av-lvv0rg29-7ebcebb72f0a2835dab25547d14c56fe av-special-heading-h3 blockquote modern-quote modern-centered  avia-builder-el-10  el_after_av_textblock  el_before_av_textblock '><h3 class='av-special-heading-tag'  itemprop=\"headline\"  >&#8211; Ouverture Sur Le Monde &#8211;<\/h3><div class=\"special-heading-border\"><div class=\"special-heading-inner-border\"><\/div><\/div><\/div><br \/>\n<section  class='av_textblock_section av-lvv0rrew-f8f941815b6dad50e9eda05e5031e06b '   itemscope=\"itemscope\" itemtype=\"https:\/\/schema.org\/CreativeWork\" ><div class='avia_textblock'  itemprop=\"text\" ><p class=\"western\" align=\"justify\"><span style=\"color: #4e4e4e;\"><span style=\"font-family: Arial, serif;\"><span style=\"font-size: medium;\"><img loading=\"lazy\" decoding=\"async\" class=\"size-full wp-image-42139 aligncenter\" src=\"http:\/\/www.piaabildgaard.com\/wp-content\/uploads\/2024\/05\/ouverture_monde_01_355x237.jpg\" alt=\"\" width=\"355\" height=\"237\" srcset=\"https:\/\/www.piaabildgaard.com\/wp-content\/uploads\/2024\/05\/ouverture_monde_01_355x237.jpg 355w, https:\/\/www.piaabildgaard.com\/wp-content\/uploads\/2024\/05\/ouverture_monde_01_355x237-300x200.jpg 300w\" sizes=\"(max-width: 355px) 100vw, 355px\" \/>A titre professionnel j\u2019ai eu l\u2019honneur d\u2019\u00eatre \u00e9lue Ambassadrice de l\u2019Entreprenariat au F\u00e9minin par la Commission Europ\u00e9enne parmi les 100 femmes entrepreneuses du programme FAME (Female Ambassadors Entrepreneurship) et suis intervenue partout en Europe pour partager mon exp\u00e9rience en tant qu\u2019entrepreneuse europ\u00e9enne.<\/span><\/span><\/span><\/p>\n<p class=\"western\" align=\"justify\"><span style=\"color: #4e4e4e;\"><span style=\"font-family: Arial, serif;\"><span style=\"font-size: medium;\">Le march\u00e9 Scandinave repr\u00e9sente une belle opportunit\u00e9 pour les entreprises fran\u00e7aises. Les 20 M habitants sont friands de produits fran\u00e7ais. Les produits et le savoir-faire Fran\u00e7ais jouissent plut\u00f4t d\u2019une excellente r\u00e9putation. Mais les diff\u00e9rences culturelles peuvent repr\u00e9senter un obstacle au bon d\u00e9roulement d\u2019une collaboration ou pour la r\u00e9ussite d\u2019une mobilit\u00e9 interculturelle. C\u2019est l\u00e0 o\u00f9 j\u2019interviens.<\/span><\/span><\/span><\/p>\n<\/div><\/section><\/p><\/div>\n\n<style type=\"text\/css\" data-created_by=\"avia_inline_auto\" id=\"style-css-av-1sqbhsd-d73dc48ff5e640c05415cee48fe40093\">\n#top .flex_column.av-1sqbhsd-d73dc48ff5e640c05415cee48fe40093{\nmargin-top:0px;\nmargin-bottom:0px;\n}\n.responsive #top #wrap_all .flex_column.av-1sqbhsd-d73dc48ff5e640c05415cee48fe40093{\nmargin-top:0px;\nmargin-bottom:0px;\n}\n<\/style>\n<div  class='flex_column av-1sqbhsd-d73dc48ff5e640c05415cee48fe40093 av_one_third  avia-builder-el-12  el_after_av_one_third  avia-builder-el-last  flex_column_div  '     ><p>\n<style type=\"text\/css\" data-created_by=\"avia_inline_auto\" id=\"style-css-av-lvv0s9lz-d7e267e7acf25edbc36c5442776cb98e\">\n#top .av-special-heading.av-lvv0s9lz-d7e267e7acf25edbc36c5442776cb98e{\npadding-bottom:10px;\n}\nbody .av-special-heading.av-lvv0s9lz-d7e267e7acf25edbc36c5442776cb98e .av-special-heading-tag .heading-char{\nfont-size:25px;\n}\n.av-special-heading.av-lvv0s9lz-d7e267e7acf25edbc36c5442776cb98e .av-subheading{\nfont-size:15px;\n}\n<\/style>\n<div  class='av-special-heading av-lvv0s9lz-d7e267e7acf25edbc36c5442776cb98e av-special-heading-h3 blockquote modern-quote modern-centered  avia-builder-el-13  el_before_av_textblock  avia-builder-el-first '><h3 class='av-special-heading-tag'  itemprop=\"headline\"  >&#8211; Nature Et Vin &#8211;<\/h3><div class=\"special-heading-border\"><div class=\"special-heading-inner-border\"><\/div><\/div><\/div><br \/>\n<section  class='av_textblock_section av-lvv0skqs-dc068451a9fe60d272e86903a6e7176b '   itemscope=\"itemscope\" itemtype=\"https:\/\/schema.org\/CreativeWork\" ><div class='avia_textblock'  itemprop=\"text\" ><p class=\"western\" align=\"justify\"><span style=\"color: #4e4e4e;\"><span style=\"font-family: Arial, serif;\"><span style=\"font-size: medium;\">Afin de me pr\u00e9parer aux interventions multiples, je me ressource aupr\u00e8s de la nature et de la mer. <\/span><\/span><\/span><\/p>\n<p class=\"western\" align=\"justify\"><span style=\"color: #4e4e4e;\"><span style=\"font-family: Arial, serif;\"><span style=\"font-size: medium;\">Mon enfance a form\u00e9 mon go\u00fbt pour la nature. N\u00e9e \u00e0 10 km au nord de Copenhague, nos sorties en famille \u00e9taient toujours empreintes de nature. C\u2019est une mani\u00e8re pour moi de me sentir apais\u00e9e et en forme.<\/span><\/span><\/span><\/p>\n<p align=\"justify\">\n<p align=\"justify\"><img loading=\"lazy\" decoding=\"async\" class=\"size-full wp-image-42196 aligncenter\" src=\"http:\/\/www.piaabildgaard.com\/wp-content\/uploads\/2024\/05\/nature_et_vin_02_355x235.jpg\" alt=\"\" width=\"355\" height=\"235\" srcset=\"https:\/\/www.piaabildgaard.com\/wp-content\/uploads\/2024\/05\/nature_et_vin_02_355x235.jpg 355w, https:\/\/www.piaabildgaard.com\/wp-content\/uploads\/2024\/05\/nature_et_vin_02_355x235-300x199.jpg 300w\" sizes=\"(max-width: 355px) 100vw, 355px\" \/><\/p>\n<p class=\"western\" align=\"justify\"><span style=\"color: #4e4e4e;\"><span style=\"font-family: Arial, serif;\"><span style=\"font-size: medium;\">A titre personnelle je suis une passionn\u00e9e de vin du monde et certifi\u00e9e en tant que sommeli\u00e8re-caviste \u00e0 Bordeaux en d\u00e9gustation de vin, par une approche intuitive et g\u00e9o sensorielle.<\/span><\/span><\/span> <span style=\"color: #4e4e4e;\"><span style=\"font-family: Arial, serif;\"><span style=\"font-size: medium;\">Quand mon temps me le permet, je voyage pour visiter des vignobles et d\u00e9guster des vins du monde entier.<\/span><\/span><\/span><\/p>\n<p class=\"western\" align=\"justify\"><span style=\"color: #4e4e4e;\"><span style=\"font-family: Arial, serif;\"><span style=\"font-size: medium;\">Je viens de m\u2019inscrire pour parfaire mes connaissances cet automne et obtenir un nouveau dipl\u00f4me sur les vins du monde.<\/span><\/span><\/span><\/p>\n<\/div><\/section><br \/>\n\n<style type=\"text\/css\" data-created_by=\"avia_inline_auto\" id=\"style-css-av-lvv0tskt-06d8c35acc6fb6483b5f16e1b9508bc6\">\n#top .av-special-heading.av-lvv0tskt-06d8c35acc6fb6483b5f16e1b9508bc6{\nmargin:20px 0 0 0;\npadding-bottom:10px;\n}\nbody .av-special-heading.av-lvv0tskt-06d8c35acc6fb6483b5f16e1b9508bc6 .av-special-heading-tag .heading-char{\nfont-size:25px;\n}\n.av-special-heading.av-lvv0tskt-06d8c35acc6fb6483b5f16e1b9508bc6 .av-subheading{\nfont-size:15px;\n}\n<\/style>\n<div  class='av-special-heading av-lvv0tskt-06d8c35acc6fb6483b5f16e1b9508bc6 av-special-heading-h3 blockquote modern-quote modern-centered  avia-builder-el-15  el_after_av_textblock  el_before_av_textblock '><h3 class='av-special-heading-tag'  itemprop=\"headline\"  >&#8211;  M\u00e9thode Et Animation &#8211;<\/h3><div class=\"special-heading-border\"><div class=\"special-heading-inner-border\"><\/div><\/div><\/div><br \/>\n<section  class='av_textblock_section av-lvv0ua0i-9041a9289be179e5efe216e0f6c7602d '   itemscope=\"itemscope\" itemtype=\"https:\/\/schema.org\/CreativeWork\" ><div class='avia_textblock'  itemprop=\"text\" ><p class=\"western\" align=\"justify\"><span style=\"color: #4e4e4e;\"><span style=\"font-family: Arial, serif;\"><span style=\"font-size: medium;\">J\u2019ai recours \u00e0 une animation interactive sous forme de jeux de r\u00f4le et de quiz interactifs, de travaux de groupe et de d\u00e9veloppement personnel.<\/span><\/span><\/span><\/p>\n<p class=\"western\" align=\"justify\"><span style=\"color: #4e4e4e;\"><span style=\"font-family: Arial, serif;\"><span style=\"font-size: medium;\">Quand je travaille, je mets un point d\u2019honneur \u00e0 \u00e9couter attentivement mes clients puis \u00e0 transformer leur demande en des formations qualitatives. Nous r\u00e9ussissons ensemble.<\/span><\/span><\/span><\/p>\n<p class=\"western\" align=\"justify\"><span style=\"color: #4e4e4e;\"><span style=\"font-family: Arial, serif;\"><span style=\"font-size: medium;\">Mon parcours universel, interculturel, m\u2019a donn\u00e9 des forces pour tout surmonter, et me mettre \u00e0 la port\u00e9e des personnes que j\u2019accompagne pour guider les dirigeants et cadres sup\u00e9rieurs vers une construction positive de leur avenir culturelle.<\/span><\/span><\/span><\/p>\n<p class=\"western\" align=\"justify\"><span style=\"color: #4e4e4e;\"><span style=\"font-family: Arial, serif;\"><span style=\"font-size: medium;\">A ce jour j\u2019ai form\u00e9 et accompagn\u00e9 plus de 6 000 personnes venant des entreprises fran\u00e7aises et scandinaves.<\/span><\/span><\/span><\/p>\n<\/div><\/section><\/p><\/div>\n","protected":false},"excerpt":{"rendered":"","protected":false},"author":1,"featured_media":0,"parent":0,"menu_order":0,"comment_status":"closed","ping_status":"closed","template":"","meta":{"footnotes":""},"yoast_head":"<!-- This site is optimized with the Yoast SEO plugin v22.8 - https:\/\/yoast.com\/wordpress\/plugins\/seo\/ -->\n<title>Portrait - Pia Abildgaard<\/title>\n<meta name=\"robots\" content=\"index, follow, max-snippet:-1, max-image-preview:large, max-video-preview:-1\" \/>\n<link rel=\"canonical\" href=\"https:\/\/www.piaabildgaard.com\/index.php\/portrait\/\" \/>\n<meta property=\"og:locale\" content=\"fr_FR\" \/>\n<meta property=\"og:type\" content=\"article\" \/>\n<meta property=\"og:title\" content=\"Portrait - Pia Abildgaard\" \/>\n<meta property=\"og:url\" content=\"https:\/\/www.piaabildgaard.com\/index.php\/portrait\/\" \/>\n<meta property=\"og:site_name\" content=\"Pia Abildgaard\" \/>\n<meta property=\"article:modified_time\" content=\"2024-05-25T18:12:52+00:00\" \/>\n<meta property=\"og:image\" content=\"http:\/\/www.piaabildgaard.com\/wp-content\/uploads\/2024\/05\/photo-Pia-Abilgaard.jpeg\" \/>\n<meta name=\"twitter:card\" content=\"summary_large_image\" \/>\n<meta name=\"twitter:label1\" content=\"Dur\u00e9e de lecture estim\u00e9e\" \/>\n\t<meta name=\"twitter:data1\" content=\"4 minutes\" \/>\n<script type=\"application\/ld+json\" class=\"yoast-schema-graph\">{\"@context\":\"https:\/\/schema.org\",\"@graph\":[{\"@type\":\"WebPage\",\"@id\":\"https:\/\/www.piaabildgaard.com\/index.php\/portrait\/\",\"url\":\"https:\/\/www.piaabildgaard.com\/index.php\/portrait\/\",\"name\":\"Portrait - Pia Abildgaard\",\"isPartOf\":{\"@id\":\"https:\/\/www.piaabildgaard.com\/#website\"},\"primaryImageOfPage\":{\"@id\":\"https:\/\/www.piaabildgaard.com\/index.php\/portrait\/#primaryimage\"},\"image\":{\"@id\":\"https:\/\/www.piaabildgaard.com\/index.php\/portrait\/#primaryimage\"},\"thumbnailUrl\":\"http:\/\/www.piaabildgaard.com\/wp-content\/uploads\/2024\/05\/photo-Pia-Abilgaard.jpeg\",\"datePublished\":\"2024-03-31T15:29:25+00:00\",\"dateModified\":\"2024-05-25T18:12:52+00:00\",\"breadcrumb\":{\"@id\":\"https:\/\/www.piaabildgaard.com\/index.php\/portrait\/#breadcrumb\"},\"inLanguage\":\"fr-FR\",\"potentialAction\":[{\"@type\":\"ReadAction\",\"target\":[\"https:\/\/www.piaabildgaard.com\/index.php\/portrait\/\"]}]},{\"@type\":\"ImageObject\",\"inLanguage\":\"fr-FR\",\"@id\":\"https:\/\/www.piaabildgaard.com\/index.php\/portrait\/#primaryimage\",\"url\":\"https:\/\/www.piaabildgaard.com\/wp-content\/uploads\/2024\/05\/photo-Pia-Abilgaard.jpeg\",\"contentUrl\":\"https:\/\/www.piaabildgaard.com\/wp-content\/uploads\/2024\/05\/photo-Pia-Abilgaard.jpeg\",\"width\":149,\"height\":265},{\"@type\":\"BreadcrumbList\",\"@id\":\"https:\/\/www.piaabildgaard.com\/index.php\/portrait\/#breadcrumb\",\"itemListElement\":[{\"@type\":\"ListItem\",\"position\":1,\"name\":\"Accueil\",\"item\":\"http:\/\/www.piaabildgaard.com\/\"},{\"@type\":\"ListItem\",\"position\":2,\"name\":\"Portrait\"}]},{\"@type\":\"WebSite\",\"@id\":\"https:\/\/www.piaabildgaard.com\/#website\",\"url\":\"https:\/\/www.piaabildgaard.com\/\",\"name\":\"Pia Abildgaard\",\"description\":\"Formatrice en management interculturel\",\"potentialAction\":[{\"@type\":\"SearchAction\",\"target\":{\"@type\":\"EntryPoint\",\"urlTemplate\":\"https:\/\/www.piaabildgaard.com\/?s={search_term_string}\"},\"query-input\":\"required name=search_term_string\"}],\"inLanguage\":\"fr-FR\"}]}<\/script>\n<!-- \/ Yoast SEO plugin. -->","yoast_head_json":{"title":"Portrait - Pia Abildgaard","robots":{"index":"index","follow":"follow","max-snippet":"max-snippet:-1","max-image-preview":"max-image-preview:large","max-video-preview":"max-video-preview:-1"},"canonical":"https:\/\/www.piaabildgaard.com\/index.php\/portrait\/","og_locale":"fr_FR","og_type":"article","og_title":"Portrait - Pia Abildgaard","og_url":"https:\/\/www.piaabildgaard.com\/index.php\/portrait\/","og_site_name":"Pia Abildgaard","article_modified_time":"2024-05-25T18:12:52+00:00","og_image":[{"url":"http:\/\/www.piaabildgaard.com\/wp-content\/uploads\/2024\/05\/photo-Pia-Abilgaard.jpeg"}],"twitter_card":"summary_large_image","twitter_misc":{"Dur\u00e9e de lecture estim\u00e9e":"4 minutes"},"schema":{"@context":"https:\/\/schema.org","@graph":[{"@type":"WebPage","@id":"https:\/\/www.piaabildgaard.com\/index.php\/portrait\/","url":"https:\/\/www.piaabildgaard.com\/index.php\/portrait\/","name":"Portrait - Pia Abildgaard","isPartOf":{"@id":"https:\/\/www.piaabildgaard.com\/#website"},"primaryImageOfPage":{"@id":"https:\/\/www.piaabildgaard.com\/index.php\/portrait\/#primaryimage"},"image":{"@id":"https:\/\/www.piaabildgaard.com\/index.php\/portrait\/#primaryimage"},"thumbnailUrl":"http:\/\/www.piaabildgaard.com\/wp-content\/uploads\/2024\/05\/photo-Pia-Abilgaard.jpeg","datePublished":"2024-03-31T15:29:25+00:00","dateModified":"2024-05-25T18:12:52+00:00","breadcrumb":{"@id":"https:\/\/www.piaabildgaard.com\/index.php\/portrait\/#breadcrumb"},"inLanguage":"fr-FR","potentialAction":[{"@type":"ReadAction","target":["https:\/\/www.piaabildgaard.com\/index.php\/portrait\/"]}]},{"@type":"ImageObject","inLanguage":"fr-FR","@id":"https:\/\/www.piaabildgaard.com\/index.php\/portrait\/#primaryimage","url":"https:\/\/www.piaabildgaard.com\/wp-content\/uploads\/2024\/05\/photo-Pia-Abilgaard.jpeg","contentUrl":"https:\/\/www.piaabildgaard.com\/wp-content\/uploads\/2024\/05\/photo-Pia-Abilgaard.jpeg","width":149,"height":265},{"@type":"BreadcrumbList","@id":"https:\/\/www.piaabildgaard.com\/index.php\/portrait\/#breadcrumb","itemListElement":[{"@type":"ListItem","position":1,"name":"Accueil","item":"http:\/\/www.piaabildgaard.com\/"},{"@type":"ListItem","position":2,"name":"Portrait"}]},{"@type":"WebSite","@id":"https:\/\/www.piaabildgaard.com\/#website","url":"https:\/\/www.piaabildgaard.com\/","name":"Pia Abildgaard","description":"Formatrice en management interculturel","potentialAction":[{"@type":"SearchAction","target":{"@type":"EntryPoint","urlTemplate":"https:\/\/www.piaabildgaard.com\/?s={search_term_string}"},"query-input":"required name=search_term_string"}],"inLanguage":"fr-FR"}]}},"_links":{"self":[{"href":"https:\/\/www.piaabildgaard.com\/index.php\/wp-json\/wp\/v2\/pages\/41549"}],"collection":[{"href":"https:\/\/www.piaabildgaard.com\/index.php\/wp-json\/wp\/v2\/pages"}],"about":[{"href":"https:\/\/www.piaabildgaard.com\/index.php\/wp-json\/wp\/v2\/types\/page"}],"author":[{"embeddable":true,"href":"https:\/\/www.piaabildgaard.com\/index.php\/wp-json\/wp\/v2\/users\/1"}],"replies":[{"embeddable":true,"href":"https:\/\/www.piaabildgaard.com\/index.php\/wp-json\/wp\/v2\/comments?post=41549"}],"version-history":[{"count":20,"href":"https:\/\/www.piaabildgaard.com\/index.php\/wp-json\/wp\/v2\/pages\/41549\/revisions"}],"predecessor-version":[{"id":42340,"href":"https:\/\/www.piaabildgaard.com\/index.php\/wp-json\/wp\/v2\/pages\/41549\/revisions\/42340"}],"wp:attachment":[{"href":"https:\/\/www.piaabildgaard.com\/index.php\/wp-json\/wp\/v2\/media?parent=41549"}],"curies":[{"name":"wp","href":"https:\/\/api.w.org\/{rel}","templated":true}]}}